{"id":25,"date":"2024-09-02T19:34:38","date_gmt":"2024-09-02T19:34:38","guid":{"rendered":"http:\/\/modrijan.com\/?page_id=25"},"modified":"2024-10-03T21:09:05","modified_gmt":"2024-10-03T19:09:05","slug":"about","status":"publish","type":"page","link":"http:\/\/modrijan.com\/?page_id=25","title":{"rendered":"O meni"},"content":{"rendered":"\n\n\n\n\n<div class=\"wp-block-columns is-layout-flex wp-container-core-columns-is-layout-9d6595d7 wp-block-columns-is-layout-flex\">\n<div class=\"wp-block-column is-layout-flow wp-block-column-is-layout-flow\" style=\"flex-basis:100%\">\n<div class=\"wp-block-group\"><div class=\"wp-block-group__inner-container is-layout-constrained wp-block-group-is-layout-constrained\"><\/div><\/div>\n<\/div>\n<\/div>\n\n\n\n\n\n<h2>O meni<\/h2>\n\n\n\n\n\n<p>Sem Jan Modrijan, po izobrazbi in\u017eenir strojni\u0161tva, druga\u010de pa \u0161portnik, izdelovalec koles in razli\u010dnih konstrukcij, serviser, trener\u2026.<\/p>\n\n\n\n<p>\u017de v mladosti me je poleg razli\u010dnih \u0161portov zanimala tudi razli\u010dna tehnika, predvsem kako neka stvar deluje, iz \u010desa je narejena&#8230;.od tod tudi smer \u0161olanja in \u0161tudija ter moja razli\u010dna kolesa iz razli\u010dnih materialov. <\/p>\n\n\n\n<p>Pot me je torej ponesla med kolesarje, kjer se najbolje znajdem \u0161e danes. Najprej sem se navdu\u0161il nad spustom, kasneje pa presedlal predvsem na enduro ter pumptrack.<\/p>\n\n\n\n<p>Poleg tega, da kolesarim, kolesa tudi servisiram in izdelujem, kar mi predstavlja svojevrsten izziv. Moje prvo kolo je nastalo, ko sem si za maturitetno nalogo na Gimnaziji Jurija Vege v Idriji zadal, da izdelam orodje za izdelavo koles. Ker pa je bila \u017eelja po svojem lastnem kolesu velika, sem na zagovor poleg orodja pripeljal tudi svoje prvo kolo \u2013 aluminijasto polno vzmeteno kolo oz. okvir kolesa. Kasneje sem jih izdelal \u0161e \u0161est. V svojem diplomskem delu na Vi\u0161ji strokovni \u0161oli v Postojni sem predstavil polnilno postajo za elektri\u010dna kolesa z orodjem za hitra popravila. Polnilna postaja je v celoti plod mojega dela, vse od ideje, do kon\u010dnega izdelka. <\/p>\n\n\n\n<p>Moja pot strojnika in kolesarskega navdu\u0161enca se tako zelo lepo prepletata in dopolnjujeta. Moja \u017eelja in cilj je, da tudi v prihodnosti ostane tako. Nekaj mojih koles in pa moje vodilo verige je bilo predstavljenih na spletni strani mtb.si.<\/p>\n\n\n\n<p><\/p>\n\n\n\n\n\n\n\n\n\n<div class=\"wp-block-group is-nowrap is-layout-flex wp-container-core-group-is-layout-ad2f72ca wp-block-group-is-layout-flex\">\n\n\n<p>Prispevki na mtb.si<\/p>\n\n\n\n\n\n<h2>Prispevki<\/h2>\n\n\n\n\n\n\n\n<p><br><\/p>\n\n\n\n\n\n\n\n<div class=\"wp-block-column is-layout-flow wp-block-column-is-layout-flow\" style=\"flex-basis:100%\">\n<p>Lorem Ipsum has been the industry&#8217;s standard dummy text ever since the 1500s.<\/p>\n<\/div>\n\n\n\n<p>Lorem Ipsum has been the industry&#8217;s standard dummy text ever since the 1500s.<\/p>\n\n\n\n<p>Lorem Ipsum has been the industry&#8217;s standard dummy text ever since the 1500s.<\/p>\n\n\n<\/div>\n\n\n\n<p>Lorem Ipsum has been the industry&#8217;s standard dummy text ever since the 1500s.<\/p>\n\n\n\n\n\n\n\n<p><\/p>\n","protected":false},"excerpt":{"rendered":"","protected":false},"author":1,"featured_media":0,"parent":0,"menu_order":0,"comment_status":"closed","ping_status":"closed","template":"","meta":{"pagelayer_contact_templates":[],"_pagelayer_content":"","_sitemap_exclude":false,"_sitemap_priority":"","_sitemap_frequency":"","footnotes":""},"class_list":["post-25","page","type-page","status-publish","hentry"],"yoast_head":"<!-- This site is optimized with the Yoast SEO plugin v24.0 - https:\/\/yoast.com\/wordpress\/plugins\/seo\/ -->\n<title>O meni - Jan Modrijan<\/title>\n<meta name=\"robots\" content=\"index, follow, max-snippet:-1, max-image-preview:large, max-video-preview:-1\" \/>\n<link rel=\"canonical\" href=\"http:\/\/modrijan.com\/?page_id=25\" \/>\n<meta property=\"og:locale\" content=\"sl_SI\" \/>\n<meta property=\"og:type\" content=\"article\" \/>\n<meta property=\"og:title\" content=\"O meni - Jan Modrijan\" \/>\n<meta property=\"og:url\" content=\"http:\/\/modrijan.com\/?page_id=25\" \/>\n<meta property=\"og:site_name\" content=\"Jan Modrijan\" \/>\n<meta property=\"article:publisher\" content=\"https:\/\/www.instagram.com\/modri__jan\/\" \/>\n<meta property=\"article:modified_time\" content=\"2024-10-03T19:09:05+00:00\" \/>\n<meta name=\"twitter:card\" content=\"summary_large_image\" \/>\n<meta name=\"twitter:label1\" content=\"Est. reading time\" \/>\n\t<meta name=\"twitter:data1\" content=\"1 minuta\" \/>\n<script type=\"application\/ld+json\" class=\"yoast-schema-graph\">{\"@context\":\"https:\/\/schema.org\",\"@graph\":[{\"@type\":\"WebPage\",\"@id\":\"http:\/\/modrijan.com\/?page_id=25\",\"url\":\"http:\/\/modrijan.com\/?page_id=25\",\"name\":\"O meni - Jan Modrijan\",\"isPartOf\":{\"@id\":\"https:\/\/modrijan.com\/#website\"},\"datePublished\":\"2024-09-02T19:34:38+00:00\",\"dateModified\":\"2024-10-03T19:09:05+00:00\",\"breadcrumb\":{\"@id\":\"http:\/\/modrijan.com\/?page_id=25#breadcrumb\"},\"inLanguage\":\"sl-SI\",\"potentialAction\":[{\"@type\":\"ReadAction\",\"target\":[\"http:\/\/modrijan.com\/?page_id=25\"]}]},{\"@type\":\"BreadcrumbList\",\"@id\":\"http:\/\/modrijan.com\/?page_id=25#breadcrumb\",\"itemListElement\":[{\"@type\":\"ListItem\",\"position\":1,\"name\":\"Home\",\"item\":\"https:\/\/modrijan.com\/\"},{\"@type\":\"ListItem\",\"position\":2,\"name\":\"O meni\"}]},{\"@type\":\"WebSite\",\"@id\":\"https:\/\/modrijan.com\/#website\",\"url\":\"https:\/\/modrijan.com\/\",\"name\":\"Jan Modrijan s.p.\",\"description\":\"Servis koles, \u0161portno treniranje in izdelava konstrukcij, Jan Modrijan s.p.\",\"publisher\":{\"@id\":\"https:\/\/modrijan.com\/#organization\"},\"potentialAction\":[{\"@type\":\"SearchAction\",\"target\":{\"@type\":\"EntryPoint\",\"urlTemplate\":\"https:\/\/modrijan.com\/?s={search_term_string}\"},\"query-input\":{\"@type\":\"PropertyValueSpecification\",\"valueRequired\":true,\"valueName\":\"search_term_string\"}}],\"inLanguage\":\"sl-SI\"},{\"@type\":\"Organization\",\"@id\":\"https:\/\/modrijan.com\/#organization\",\"name\":\"Jan Modrijan s.p.\",\"url\":\"https:\/\/modrijan.com\/\",\"logo\":{\"@type\":\"ImageObject\",\"inLanguage\":\"sl-SI\",\"@id\":\"https:\/\/modrijan.com\/#\/schema\/logo\/image\/\",\"url\":\"https:\/\/modrijan.com\/wp-content\/uploads\/2024\/09\/cropped-image00002.jpeg\",\"contentUrl\":\"https:\/\/modrijan.com\/wp-content\/uploads\/2024\/09\/cropped-image00002.jpeg\",\"width\":1082,\"height\":1083,\"caption\":\"Jan Modrijan s.p.\"},\"image\":{\"@id\":\"https:\/\/modrijan.com\/#\/schema\/logo\/image\/\"},\"sameAs\":[\"https:\/\/www.instagram.com\/modri__jan\/\"]}]}<\/script>\n<!-- \/ Yoast SEO plugin. -->","yoast_head_json":{"title":"O meni - Jan Modrijan","robots":{"index":"index","follow":"follow","max-snippet":"max-snippet:-1","max-image-preview":"max-image-preview:large","max-video-preview":"max-video-preview:-1"},"canonical":"http:\/\/modrijan.com\/?page_id=25","og_locale":"sl_SI","og_type":"article","og_title":"O meni - Jan Modrijan","og_url":"http:\/\/modrijan.com\/?page_id=25","og_site_name":"Jan Modrijan","article_publisher":"https:\/\/www.instagram.com\/modri__jan\/","article_modified_time":"2024-10-03T19:09:05+00:00","twitter_card":"summary_large_image","twitter_misc":{"Est. reading time":"1 minuta"},"schema":{"@context":"https:\/\/schema.org","@graph":[{"@type":"WebPage","@id":"http:\/\/modrijan.com\/?page_id=25","url":"http:\/\/modrijan.com\/?page_id=25","name":"O meni - Jan Modrijan","isPartOf":{"@id":"https:\/\/modrijan.com\/#website"},"datePublished":"2024-09-02T19:34:38+00:00","dateModified":"2024-10-03T19:09:05+00:00","breadcrumb":{"@id":"http:\/\/modrijan.com\/?page_id=25#breadcrumb"},"inLanguage":"sl-SI","potentialAction":[{"@type":"ReadAction","target":["http:\/\/modrijan.com\/?page_id=25"]}]},{"@type":"BreadcrumbList","@id":"http:\/\/modrijan.com\/?page_id=25#breadcrumb","itemListElement":[{"@type":"ListItem","position":1,"name":"Home","item":"https:\/\/modrijan.com\/"},{"@type":"ListItem","position":2,"name":"O meni"}]},{"@type":"WebSite","@id":"https:\/\/modrijan.com\/#website","url":"https:\/\/modrijan.com\/","name":"Jan Modrijan s.p.","description":"Servis koles, \u0161portno treniranje in izdelava konstrukcij, Jan Modrijan s.p.","publisher":{"@id":"https:\/\/modrijan.com\/#organization"},"potentialAction":[{"@type":"SearchAction","target":{"@type":"EntryPoint","urlTemplate":"https:\/\/modrijan.com\/?s={search_term_string}"},"query-input":{"@type":"PropertyValueSpecification","valueRequired":true,"valueName":"search_term_string"}}],"inLanguage":"sl-SI"},{"@type":"Organization","@id":"https:\/\/modrijan.com\/#organization","name":"Jan Modrijan s.p.","url":"https:\/\/modrijan.com\/","logo":{"@type":"ImageObject","inLanguage":"sl-SI","@id":"https:\/\/modrijan.com\/#\/schema\/logo\/image\/","url":"https:\/\/modrijan.com\/wp-content\/uploads\/2024\/09\/cropped-image00002.jpeg","contentUrl":"https:\/\/modrijan.com\/wp-content\/uploads\/2024\/09\/cropped-image00002.jpeg","width":1082,"height":1083,"caption":"Jan Modrijan s.p."},"image":{"@id":"https:\/\/modrijan.com\/#\/schema\/logo\/image\/"},"sameAs":["https:\/\/www.instagram.com\/modri__jan\/"]}]}},"_links":{"self":[{"href":"http:\/\/modrijan.com\/index.php?rest_route=\/wp\/v2\/pages\/25","targetHints":{"allow":["GET"]}}],"collection":[{"href":"http:\/\/modrijan.com\/index.php?rest_route=\/wp\/v2\/pages"}],"about":[{"href":"http:\/\/modrijan.com\/index.php?rest_route=\/wp\/v2\/types\/page"}],"author":[{"embeddable":true,"href":"http:\/\/modrijan.com\/index.php?rest_route=\/wp\/v2\/users\/1"}],"replies":[{"embeddable":true,"href":"http:\/\/modrijan.com\/index.php?rest_route=%2Fwp%2Fv2%2Fcomments&post=25"}],"version-history":[{"count":29,"href":"http:\/\/modrijan.com\/index.php?rest_route=\/wp\/v2\/pages\/25\/revisions"}],"predecessor-version":[{"id":520,"href":"http:\/\/modrijan.com\/index.php?rest_route=\/wp\/v2\/pages\/25\/revisions\/520"}],"wp:attachment":[{"href":"http:\/\/modrijan.com\/index.php?rest_route=%2Fwp%2Fv2%2Fmedia&parent=25"}],"curies":[{"name":"wp","href":"https:\/\/api.w.org\/{rel}","templated":true}]}}